2547796 a multiple of 17?
False
Is 54052 even?
True
Is 4 a factor of 124945?
False
Is 56 a factor of 17131845?
False
Does 230 divide 4525238?
False
Does 342 divide 636462?
True
Is 1276234 a multiple of 13?
False
Does 37 divide 4976364?
False
Is 290916 a multiple of 222?
False
Is 406375 a multiple of 23?
False
Is 412896 a multiple of 51?
True
Is 1405934 a multiple of 178?
False
Is 126 a factor of 1180541?
False
Does 323 divide 79135?
True
Is 408 a factor of 271885?
False
Does 778 divide 1338376?
False
Does 93 divide 1860830?
False
Is 20 a factor of 5970669?
False
Does 55 divide 583770?
True
Is 2940 a multiple of 49?
True
Does 9 divide 79861?
False
Does 3 divide 1022689?
False
Is 229305 a multiple of 38?
False
Is 11100 a multiple of 12?
True
Is 7 a factor of 6026501?
False
Does 16 divide 12198287?
False
Does 6 divide 424572?
True
Does 15 divide 2781911?
False
Is 4796 a multiple of 7?
False
Is 121371 a multiple of 310?
False
Is 159181 a multiple of 499?
True
Does 46 divide 312009?
False
Is 37314 a multiple of 18?
True
Does 7 divide 1251760?
False
Is 67536 a multiple of 35?
False
Is 243 a factor of 643464?
True
Is 3393905 a multiple of 26?
False
Is 29 a factor of 135807?
True
Is 36 a factor of 15157?
False
Does 206 divide 40800?
False
Is 92818 a multiple of 22?
True
Is 791 a factor of 7072331?
True
Is 27 a factor of 627871?
False
Does 44 divide 4771316?
True
Is 17161 a multiple of 59?
False
Is 68 a factor of 118901?
False
Does 85 divide 1057252?
False
Is 16 a factor of 5292128?
True
Is 4673487 a multiple of 399?
True
Does 340 divide 3607433?
False
Is 195252 a multiple of 47?
False
Is 7682169 a multiple of 1161?
False
Does 15 divide 3759159?
False
Is 682897 a multiple of 26?
False
Does 569 divide 3765493?
False
Is 89 a factor of 1911275?
True
Is 125175 a multiple of 15?
True
Does 15 divide 1417473?
False
Does 6 divide 9774?
True
Is 944244 a multiple of 63?
True
Is 1314924 a multiple of 39?
True
Is 211926 a multiple of 78?
True
Is 8381776 a multiple of 472?
True
Is 1022175 a multiple of 531?
True
Is 21 a factor of 600682?
False
Is 14 a factor of 1283591?
False
Does 221 divide 17238?
True
Is 250282 a multiple of 153?
False
Does 94 divide 60254?
True
Does 13 divide 14694757?
False
Does 2 divide 20131?
False
Does 22 divide 898414?
True
Is 166792 a multiple of 3?
False
Does 313 divide 188537?
False
Is 113760 a multiple of 237?
True
Is 1246 a factor of 1005522?
True
Is 377 a factor of 33013?
False
Is 79 a factor of 124129?
False
Is 4997069 a multiple of 11?
True
Is 16 a factor of 2413664?
True
Is 282489 a multiple of 17?
True
Does 1230 divide 4969200?
True
Does 1175 divide 2688400?
True
Does 166 divide 99117?
False
Is 334 a factor of 349351?
False
Is 61 a factor of 1441081?
False
Is 148 a factor of 952232?
True
Is 560728 a multiple of 248?
True
Is 640320 a multiple of 464?
True
Does 7 divide 923314?
True
Is 24 a factor of 5407056?
True
Is 422400 a multiple of 165?
True
Is 4084 a multiple of 72?
False
Does 14 divide 135198?
True
Is 569592 a multiple of 243?
True
Does 15 divide 12210?
True
Is 2 a factor of 403087?
False
Is 7 a factor of 10612?
True
Is 2532366 a multiple of 14?
False
Does 3 divide 1785747?
True
Is 45 a factor of 1473149?
False
Is 117370 a multiple of 55?
True
Is 624 a factor of 23707?
False
Is 15 a factor of 70665?
True
Is 189674 a multiple of 20?
False
Does 515 divide 290460?
True
Does 21 divide 1638252?
True
Is 363488 a multiple of 8?
True
Is 273261 a multiple of 21?
False
Is 19371156 a multiple of 1728?
False
Does 7 divide 215717?
False
Is 59 a factor of 2772535?
False
Does 45 divide 302672?
False
Is 255 a factor of 4267935?
True
Is 761300 a multiple of 460?
True
Is 9 a factor of 111360?
False
Is 11 a factor of 816167?
True
Is 480 a factor of 111156?
False
Is 491 a factor of 241081?
True
Does 33 divide 615694?
False
Is 18 a factor of 115488?
True
Is 173088 a multiple of 36?
True
Is 60 a factor of 201540?
True
Does 98 divide 269010?
True
Is 205 a factor of 309448?
False
Does 6 divide 2649792?
True
Does 185 divide 91515?
False
Does 463 divide 2403433?
True
Does 42 divide 263695?
False
Is 32 a factor of 4384?
True
Is 1052042 a multiple of 14?
False
Does 9 divide 1395416?
False
Does 28 divide 2149745?
False
Is 9 a factor of 118557?
True
Does 8 divide 153833?
False
Is 484 a factor of 7924761?
False
Is 71 a factor of 52256?
True
Is 453 a factor of 1978704?
True
Does 33 divide 1759692?
True
Is 32286 a multiple of 15?
False
Is 84 a factor of 199416?
True
Is 10 a factor of 275507?
False
Does 110 divide 861269?
False
Does 4 divide 44891?
False
Is 101 a factor of 8840275?
False
Is 18654886 a multiple of 178?
False
Is 3141544 a multiple of 18?
False
Is 33516 a multiple of 21?
True
Is 1463860 a multiple of 49?
False
Is 21 a factor of 184323?
False
Is 17 a factor of 313804?
False
Is 21 a factor of 85817?
False
Is 81 a factor of 1527044?
False
Does 9 divide 4857008?
False
Is 937802 a multiple of 473?
False
Does 59 divide 217527?
False
Is 17 a factor of 105944?
True
Does 56 divide 185528?
True
Is 68980 a multiple of 20?
True
Is 736283 a multiple of 18?
False
Is 43 a factor of 115240?
True
Is 992738 a multiple of 53?
False
Does 11 divide 775273?
False
Is 10891506 a multiple of 22?
False
Is 102039 a multiple of 6?
False
Is 673091 a multiple of 30?
False
Is 101 a factor of 788002?
True
Does 106 divide 592438?
False
Is 4806471 a multiple of 47?
False
Is 15 a factor of 5922538?
False
Is 471633 a multiple of 6?
False
Is 415793 a multiple of 407?
False
Is 2954787 a multiple of 51?
True
Is 277 a factor of 2140?
False
Is 1780875 a multiple of 45?
True
Does 18 divide 7070?
False
Does 33 divide 392848?
False
Is 11 a factor of 27167?
False
Is 301 a factor of 2190529?
False
Is 3 a factor of 610289?
False
Does 1314 divide 10908828?
True
Is 11175109 a multiple of 2429?
False
Is 588499 a multiple of 40?
False
Is 4393809 a multiple of 11?
False
Is 12 a factor of 275468?
False
Is 223184 a multiple of 467?
False
Does 12 divide 364272?
True
Is 104 a factor of 65173?
False
Does 62 divide 11447370?
True
Does 7 divide 68184?
False
Is 46 a factor of 44960?
False
Is 875670 a multiple of 30?
True
Is 11508959 a multiple of 409?
False
Is 1956528 a multiple of 48?
True
Is 254472 a multiple of 69?
True
Is 148104 a multiple of 44?
True
Does 64 divide 7651648?
True
Is 243895 a multiple of 34?
False
Is 30 a factor of 465352?
False
Is 237 a factor of 143859?
True
Is 30680 a multiple of 130?
True
Is 762 a factor of 12301728?
True
Is 1901374 a multiple of 43?
True
Is 50 a factor of 116781?
False
Is 58 a factor of 122786?
True
Is 20 a factor of 633095?
False
Is 272 a factor of 321232?
True
Is 72 a factor of 191836?
False
Is 140 a factor of 70700?
True
Is 248535 a multiple of 9?
True
Does 689 divide 2853838?
True
Is 3 a factor of 73736?
False
Is 115312 a multiple of 33?
False
Is 191550 a multiple of 75?
True
Does 52 divide 635440?
True
Does 81 divide 47709?
True
Is 296 a factor of 2811876?
False
Does 331 divide 10197117?
True
Does 327 divide 3749382?
True
Is 43836 a multiple of 12?
True
Is 3304212 a multiple of 548?
False
Is 6 a factor of 320418?
True
Is 20 a factor of 760920?
True
Is 1602 a factor of 5394338?
False
Is 79 a factor of 849108?
False
Is 708 a factor of 6440676?
True
Is 931350 a multiple of 14?
True
Does 459 divide 4388499?
True
Is 39 a factor of 13073697?
True
Is 252433 a multiple of 574?
False
Does 840 divide 120960?
True
Is 6 a factor of 123349?
False
Does 57 divide 132069?
True
Is 112056 a multiple of 87?
True
Does 223 divide 813727?
True
Is 5 a factor of 1795?
True
Is 326260 a multiple of 110?
True
Is 73 a factor of 445154?
True
Is 11 a factor of 14474?
False
Is 39 a factor of 3291146?
False
Is 19 a factor of 3502745?
True
Does 199 divide 213531?
False
Is 6 a factor of 41881?
False
Does 876 divide 1150188?
True
Is 3050972 a multiple of 6?
False
Does 289 divide 4838460?
False
Is 45 a factor of 49095?
True
Does 948 divide 1015688?
False
Is 198276 a multiple of 492?
True
Is 199104 a multiple of 32?
True
Is 949 a multiple of 2?
False
Does 13 divide 705765?
False
Is 293790 a multiple of 30?
True
Is 53587 a multiple of 4?
False
Does 26 divide 243740?
False
Does 13 divide 6362005?
True
Is 31 a factor of 14579?
False
Does 8 divide 5383064?
True
Is 654732 a multiple of 58?
Fal